{"id":565,"date":"2021-02-07T17:04:05","date_gmt":"2021-02-07T17:04:05","guid":{"rendered":"http:\/\/wp.naturheilpraxis-annegrayer.de\/?page_id=565"},"modified":"2021-02-17T20:15:57","modified_gmt":"2021-02-17T20:15:57","slug":"clone-of-diagnostik","status":"publish","type":"page","link":"https:\/\/www.naturheilpraxis-annegrayer.de\/?page_id=565","title":{"rendered":"Spezialgebiete"},"content":{"rendered":"<h2 style=\"\"><strong>Spezialgebiete&nbsp;<\/strong><\/h2>\n<h3 style=\"\">Ihr Vertrauen ist mein Antrieb<\/h3>\n<p style=\"text-align: justify;\">Genau wie das flexible Element des Wassers, welches sich st\u00e4ndig in Bewegung befindet und an seinem Umfeld anpassen muss, ist es mir sehr wichtig mich Ihren Bed\u00fcrfnissen anzupassen und mich st\u00e4ndig weiterzubilden. In den letzten 10 Jahren, habe ich mich in folgenden f\u00fcnf Gebieten spezialisiert und das Vertrauen meiner Patienten gewonnen:<\/p>\n<\/p>\n<p>01<\/p>\n<p style=\"text-align: center;\"><span style=\"font-size: 15px; font-family: Mulish;\"><strong>Gewichtsst\u00f6rungen<\/strong><\/span><\/p>\n<p style=\"text-align: center;\">\n<p style=\"text-align: center;\"><strong>&nbsp;<\/strong><\/p>\n<p>02<\/p>\n<p style=\"text-align: center;\"><strong>M\u00fcdigkeit, Schlafst\u00f6rungen, Angst &amp; Stress<\/strong><\/p>\n<p>03<\/p>\n<p style=\"text-align: center;\"><strong>Akute und chronische Schmerzen<\/strong><\/p>\n<p>04<\/p>\n<p style=\"text-align: center;\"><strong>Chronische Darmerkrankungen<\/strong><\/p>\n<p style=\"text-align: center;\"><strong><\/strong><\/p>\n<p>05<\/p>\n<p style=\"text-align: center;\"><strong>Wechseljahr-<\/strong><\/p>\n<p style=\"text-align: center;\"><strong>beschwerden<\/strong><\/p>\n<p style=\"text-align: center;\"><strong><\/strong><\/p>\n","protected":false},"excerpt":{"rendered":"<p>Spezialgebiete&nbsp; Ihr Vertrauen ist mein Antrieb Genau wie das flexible Element des Wassers, welches sich st\u00e4ndig in Bewegung befindet und an seinem Umfeld anpassen muss, ist es mir sehr wichtig mich Ihren Bed\u00fcrfnissen anzupassen und mich st\u00e4ndig weiterzubilden. In den letzten 10 Jahren, habe ich mich in folgenden f\u00fcnf Gebieten spezialisiert und das Vertrauen meiner [&hellip;]<\/p>\n","protected":false},"author":1,"featured_media":0,"parent":0,"menu_order":0,"comment_status":"closed","ping_status":"closed","template":"","meta":{"footnotes":""},"class_list":["post-565","page","type-page","status-publish","hentry","post-wrapper","thrv_wrapper"],"_links":{"self":[{"href":"https:\/\/www.naturheilpraxis-annegrayer.de\/index.php?rest_route=\/wp\/v2\/pages\/565","targetHints":{"allow":["GET"]}}],"collection":[{"href":"https:\/\/www.naturheilpraxis-annegrayer.de\/index.php?rest_route=\/wp\/v2\/pages"}],"about":[{"href":"https:\/\/www.naturheilpraxis-annegrayer.de\/index.php?rest_route=\/wp\/v2\/types\/page"}],"author":[{"embeddable":true,"href":"https:\/\/www.naturheilpraxis-annegrayer.de\/index.php?rest_route=\/wp\/v2\/users\/1"}],"replies":[{"embeddable":true,"href":"https:\/\/www.naturheilpraxis-annegrayer.de\/index.php?rest_route=%2Fwp%2Fv2%2Fcomments&post=565"}],"version-history":[{"count":18,"href":"https:\/\/www.naturheilpraxis-annegrayer.de\/index.php?rest_route=\/wp\/v2\/pages\/565\/revisions"}],"predecessor-version":[{"id":1039,"href":"https:\/\/www.naturheilpraxis-annegrayer.de\/index.php?rest_route=\/wp\/v2\/pages\/565\/revisions\/1039"}],"wp:attachment":[{"href":"https:\/\/www.naturheilpraxis-annegrayer.de\/index.php?rest_route=%2Fwp%2Fv2%2Fmedia&parent=565"}],"curies":[{"name":"wp","href":"https:\/\/api.w.org\/{rel}","templated":true}]}}